{"id":95,"date":"2020-12-09T14:26:30","date_gmt":"2020-12-09T13:26:30","guid":{"rendered":"https:\/\/sgv-oberkirchen.de\/ver_01\/?page_id=95"},"modified":"2021-06-21T21:23:16","modified_gmt":"2021-06-21T19:23:16","slug":"vorstand","status":"publish","type":"page","link":"https:\/\/sgv-oberkirchen.de\/ver_01\/vorstand\/","title":{"rendered":"Unser Vorstand"},"content":{"rendered":"\n<div class=\"wp-block-media-text alignwide is-stacked-on-mobile\"><figure class=\"wp-block-media-text__media\"><img loading=\"lazy\" decoding=\"async\" width=\"1024\" height=\"684\" src=\"https:\/\/sgv-oberkirchen.de\/ver_01\/wp-content\/uploads\/2021\/01\/CUA_7788-min-1024x684.jpg\" alt=\"\" class=\"wp-image-239 size-full\" srcset=\"https:\/\/sgv-oberkirchen.de\/ver_01\/wp-content\/uploads\/2021\/01\/CUA_7788-min-1024x684.jpg 1024w, https:\/\/sgv-oberkirchen.de\/ver_01\/wp-content\/uploads\/2021\/01\/CUA_7788-min-300x200.jpg 300w, https:\/\/sgv-oberkirchen.de\/ver_01\/wp-content\/uploads\/2021\/01\/CUA_7788-min-768x513.jpg 768w, https:\/\/sgv-oberkirchen.de\/ver_01\/wp-content\/uploads\/2021\/01\/CUA_7788-min-1536x1025.jpg 1536w, https:\/\/sgv-oberkirchen.de\/ver_01\/wp-content\/uploads\/2021\/01\/CUA_7788-min-2048x1367.jpg 2048w, https:\/\/sgv-oberkirchen.de\/ver_01\/wp-content\/uploads\/2021\/01\/CUA_7788-min-272x182.jpg 272w\" sizes=\"auto, (max-width: 1024px) 100vw, 1024px\" \/><\/figure><div class=\"wp-block-media-text__content\">\n<p class=\"has-large-font-size\">Andre Mergheim<\/p>\n\n\n\n<p>Andre ist seit 1997 1. Vorsitzender der SGV-Abteilung Oberkirchen. Neben diesem Ehrenamt besch\u00e4ftigt sich Andre auch beruflich mit der Wanderinfrastruktur und hat so in den letzten 20 Jahren daf\u00fcr gesorgt, dass die Wanderwege in S\u00fcdwestfalen gut beschildert sind. Seine besondere Ortskenntnis stellt er immer wieder als Wanderf\u00fchrer bei den Oberkirchener Wanderwochen unter Beweis.<\/p>\n\n\n\n<p>Sein Wunsch f\u00fcr die Zukunft sind viele neue Premium-Wanderwege im Sauerland, wo man auf naturnahen Pfaden immer wieder neue Aus- und Einblicke hat.<\/p>\n<\/div><\/div>\n\n\n\n<div class=\"wp-block-media-text alignwide has-media-on-the-right is-stacked-on-mobile is-vertically-aligned-center\"><figure class=\"wp-block-media-text__media\"><img loading=\"lazy\" decoding=\"async\" width=\"1024\" height=\"684\" src=\"https:\/\/sgv-oberkirchen.de\/ver_01\/wp-content\/uploads\/2021\/01\/CUA_7784-min-1024x684.jpg\" alt=\"\" class=\"wp-image-236 size-full\" srcset=\"https:\/\/sgv-oberkirchen.de\/ver_01\/wp-content\/uploads\/2021\/01\/CUA_7784-min-1024x684.jpg 1024w, https:\/\/sgv-oberkirchen.de\/ver_01\/wp-content\/uploads\/2021\/01\/CUA_7784-min-300x200.jpg 300w, https:\/\/sgv-oberkirchen.de\/ver_01\/wp-content\/uploads\/2021\/01\/CUA_7784-min-768x513.jpg 768w, https:\/\/sgv-oberkirchen.de\/ver_01\/wp-content\/uploads\/2021\/01\/CUA_7784-min-1536x1025.jpg 1536w, https:\/\/sgv-oberkirchen.de\/ver_01\/wp-content\/uploads\/2021\/01\/CUA_7784-min-2048x1367.jpg 2048w, https:\/\/sgv-oberkirchen.de\/ver_01\/wp-content\/uploads\/2021\/01\/CUA_7784-min-272x182.jpg 272w\" sizes=\"auto, (max-width: 1024px) 100vw, 1024px\" \/><\/figure><div class=\"wp-block-media-text__content\">\n<p class=\"has-large-font-size\">Claudia Kraiger<\/p>\n\n\n\n<p>Claudia ist seit 2020 2. Vorsitzende der SGV-Abteilung Oberkirchen. Eigentlich lebt Claudia in Aachen, aber Oberkirchen ist schon lange ihre 2. Heimat. Seit ihrer Ausbildung zur Wanderf\u00fchrerin 2017 ist sie Mitglied im SGV und seit 2018 markiert sie mit gro\u00dfer Begeisterung alle Wege in und um Oberkirchen.<\/p>\n\n\n\n<p>Ihr Wunsch ist, dass Ortsfremde die Wanderung ohne Irrwege unbeschwert genie\u00dfen k\u00f6nnen\u2026.und immer wieder gern nach Oberkirchen kommen.<\/p>\n<\/div><\/div>\n\n\n\n<div class=\"wp-block-media-text alignwide is-stacked-on-mobile is-vertically-aligned-center\"><figure class=\"wp-block-media-text__media\"><img loading=\"lazy\" decoding=\"async\" width=\"1024\" height=\"684\" src=\"https:\/\/sgv-oberkirchen.de\/ver_01\/wp-content\/uploads\/2021\/01\/CUA_7787-min-1024x684.jpg\" alt=\"\" class=\"wp-image-238 size-full\" srcset=\"https:\/\/sgv-oberkirchen.de\/ver_01\/wp-content\/uploads\/2021\/01\/CUA_7787-min-1024x684.jpg 1024w, https:\/\/sgv-oberkirchen.de\/ver_01\/wp-content\/uploads\/2021\/01\/CUA_7787-min-300x200.jpg 300w, https:\/\/sgv-oberkirchen.de\/ver_01\/wp-content\/uploads\/2021\/01\/CUA_7787-min-768x513.jpg 768w, https:\/\/sgv-oberkirchen.de\/ver_01\/wp-content\/uploads\/2021\/01\/CUA_7787-min-1536x1025.jpg 1536w, https:\/\/sgv-oberkirchen.de\/ver_01\/wp-content\/uploads\/2021\/01\/CUA_7787-min-2048x1367.jpg 2048w, https:\/\/sgv-oberkirchen.de\/ver_01\/wp-content\/uploads\/2021\/01\/CUA_7787-min-272x182.jpg 272w\" sizes=\"auto, (max-width: 1024px) 100vw, 1024px\" \/><\/figure><div class=\"wp-block-media-text__content\">\n<p class=\"has-large-font-size\">Hubertus Mergheim<\/p>\n\n\n\n<p>Hubertus ist seit 1992 Vorstandsmitglied der SGV-Abteilung Oberkirchen. Hubertus ist der Allrounder des Vereins. Er ist f\u00fcr die schriftlichen Dinge zust\u00e4ndig; die Erstellung einer Datenbank f\u00fcr die Mitglieder, aktuelle Informationen f\u00fcr den SGV-Kasten und Kommunikation mit der Presse und dem Hauptverband.<\/p>\n\n\n\n<p>Aber viel Spa\u00df macht ihm alles was Rund um die Wanderwege gemacht werden muss.<\/p>\n<\/div><\/div>\n\n\n\n<div class=\"wp-block-media-text alignwide has-media-on-the-right is-stacked-on-mobile is-vertically-aligned-center\"><figure class=\"wp-block-media-text__media\"><img loading=\"lazy\" decoding=\"async\" width=\"1024\" height=\"684\" src=\"https:\/\/sgv-oberkirchen.de\/ver_01\/wp-content\/uploads\/2021\/01\/CUA_7795-min-1024x684.jpg\" alt=\"\" class=\"wp-image-242 size-full\" srcset=\"https:\/\/sgv-oberkirchen.de\/ver_01\/wp-content\/uploads\/2021\/01\/CUA_7795-min-1024x684.jpg 1024w, https:\/\/sgv-oberkirchen.de\/ver_01\/wp-content\/uploads\/2021\/01\/CUA_7795-min-300x200.jpg 300w, https:\/\/sgv-oberkirchen.de\/ver_01\/wp-content\/uploads\/2021\/01\/CUA_7795-min-768x513.jpg 768w, https:\/\/sgv-oberkirchen.de\/ver_01\/wp-content\/uploads\/2021\/01\/CUA_7795-min-1536x1025.jpg 1536w, https:\/\/sgv-oberkirchen.de\/ver_01\/wp-content\/uploads\/2021\/01\/CUA_7795-min-2048x1367.jpg 2048w, https:\/\/sgv-oberkirchen.de\/ver_01\/wp-content\/uploads\/2021\/01\/CUA_7795-min-272x182.jpg 272w\" sizes=\"auto, (max-width: 1024px) 100vw, 1024px\" \/><\/figure><div class=\"wp-block-media-text__content\">\n<p class=\"has-large-font-size\">Ulrich Sch\u00fctte<\/p>\n\n\n\n<p>Ulli ist seit 1997 Kassenwart der SGV-Abteilung Oberkirchen. An Ulli geht kein Weg vorbei, wenn es um die Finanzen geht \u2013 sei es zur Unterst\u00fctzung neuer Projekte wie der Streuobstwiese des SGV oder aber beim Anlegen der neuen Fotoroute in Oberkirchen.<\/p>\n\n\n\n<p>Er sorgt daf\u00fcr, dass am Ende des Jahres die Kasse stimmt.<\/p>\n<\/div><\/div>\n\n\n\n<div class=\"wp-block-media-text alignwide is-stacked-on-mobile is-vertically-aligned-center\"><figure class=\"wp-block-media-text__media\"><img loading=\"lazy\" decoding=\"async\" width=\"1024\" height=\"684\" src=\"https:\/\/sgv-oberkirchen.de\/ver_01\/wp-content\/uploads\/2021\/01\/CUA_7796-min-1024x684.jpg\" alt=\"\" class=\"wp-image-243 size-full\" srcset=\"https:\/\/sgv-oberkirchen.de\/ver_01\/wp-content\/uploads\/2021\/01\/CUA_7796-min-1024x684.jpg 1024w, https:\/\/sgv-oberkirchen.de\/ver_01\/wp-content\/uploads\/2021\/01\/CUA_7796-min-300x200.jpg 300w, https:\/\/sgv-oberkirchen.de\/ver_01\/wp-content\/uploads\/2021\/01\/CUA_7796-min-768x513.jpg 768w, https:\/\/sgv-oberkirchen.de\/ver_01\/wp-content\/uploads\/2021\/01\/CUA_7796-min-1536x1025.jpg 1536w, https:\/\/sgv-oberkirchen.de\/ver_01\/wp-content\/uploads\/2021\/01\/CUA_7796-min-2048x1367.jpg 2048w, https:\/\/sgv-oberkirchen.de\/ver_01\/wp-content\/uploads\/2021\/01\/CUA_7796-min-272x182.jpg 272w\" sizes=\"auto, (max-width: 1024px) 100vw, 1024px\" \/><\/figure><div class=\"wp-block-media-text__content\">\n<p class=\"has-large-font-size\">Harald Clemens<\/p>\n\n\n\n<p>Harald ist seit 1997 Vorstandsmitglied der SGV-Abteilung Oberkirchen. Lange Jahre hat Harald f\u00fcr die ausgezeichnete Beschilderung der Oberkirchener Wanderwege gesorgt, doch dann hat er die Betreuung der Vogelk\u00e4sten \u00fcbernommen.<\/p>\n\n\n\n<p>Er achtet darauf, dass in den 160 Vogelk\u00e4sten rund um Oberkirchen die V\u00f6gel einen ruhigen und ungest\u00f6rten Platz f\u00fcr ihre Brutpflege haben \u2013 und dass dieser Platz nicht von anderen Tieren \u201emissbraucht\u201c wird.<\/p>\n<\/div><\/div>\n\n\n\n<div class=\"wp-block-media-text alignwide has-media-on-the-right is-stacked-on-mobile is-vertically-aligned-center\"><figure class=\"wp-block-media-text__media\"><img loading=\"lazy\" decoding=\"async\" width=\"1024\" height=\"684\" src=\"https:\/\/sgv-oberkirchen.de\/ver_01\/wp-content\/uploads\/2021\/01\/CUA_7791-min-1024x684.jpg\" alt=\"\" class=\"wp-image-241 size-full\" srcset=\"https:\/\/sgv-oberkirchen.de\/ver_01\/wp-content\/uploads\/2021\/01\/CUA_7791-min-1024x684.jpg 1024w, https:\/\/sgv-oberkirchen.de\/ver_01\/wp-content\/uploads\/2021\/01\/CUA_7791-min-300x200.jpg 300w, https:\/\/sgv-oberkirchen.de\/ver_01\/wp-content\/uploads\/2021\/01\/CUA_7791-min-768x513.jpg 768w, https:\/\/sgv-oberkirchen.de\/ver_01\/wp-content\/uploads\/2021\/01\/CUA_7791-min-1536x1025.jpg 1536w, https:\/\/sgv-oberkirchen.de\/ver_01\/wp-content\/uploads\/2021\/01\/CUA_7791-min-2048x1367.jpg 2048w, https:\/\/sgv-oberkirchen.de\/ver_01\/wp-content\/uploads\/2021\/01\/CUA_7791-min-272x182.jpg 272w\" sizes=\"auto, (max-width: 1024px) 100vw, 1024px\" \/><\/figure><div class=\"wp-block-media-text__content\">\n<p class=\"has-large-font-size\">Willi Sch\u00fctte<\/p>\n\n\n\n<p>Willi ist seit 1997 Vorstandsmitglied der SGV-Abteilung Oberkirchen. Erst war er Wanderwart \u2013 mittlerweile ist er die helfende und unterst\u00fctzende Hand bei Problemen und Aufgaben aller Art.<\/p>\n<\/div><\/div>\n","protected":false},"excerpt":{"rendered":"<p>Andre Mergheim Andre ist seit 1997 1. Vorsitzender der SGV-Abteilung Oberkirchen. Neben diesem Ehrenamt besch\u00e4ftigt sich Andre auch beruflich mit der Wanderinfrastruktur und hat so in den letzten 20 Jahren daf\u00fcr gesorgt, dass die Wanderwege in S\u00fcdwestfalen gut beschildert sind. Seine besondere Ortskenntnis stellt er immer wieder als Wanderf\u00fchrer bei den Oberkirchener Wanderwochen unter Beweis. [&hellip;]<\/p>\n","protected":false},"author":1,"featured_media":0,"parent":0,"menu_order":0,"comment_status":"closed","ping_status":"closed","template":"","meta":{"footnotes":""},"class_list":["post-95","page","type-page","status-publish","hentry","post"],"_links":{"self":[{"href":"https:\/\/sgv-oberkirchen.de\/ver_01\/wp-json\/wp\/v2\/pages\/95","targetHints":{"allow":["GET"]}}],"collection":[{"href":"https:\/\/sgv-oberkirchen.de\/ver_01\/wp-json\/wp\/v2\/pages"}],"about":[{"href":"https:\/\/sgv-oberkirchen.de\/ver_01\/wp-json\/wp\/v2\/types\/page"}],"author":[{"embeddable":true,"href":"https:\/\/sgv-oberkirchen.de\/ver_01\/wp-json\/wp\/v2\/users\/1"}],"replies":[{"embeddable":true,"href":"https:\/\/sgv-oberkirchen.de\/ver_01\/wp-json\/wp\/v2\/comments?post=95"}],"version-history":[{"count":15,"href":"https:\/\/sgv-oberkirchen.de\/ver_01\/wp-json\/wp\/v2\/pages\/95\/revisions"}],"predecessor-version":[{"id":408,"href":"https:\/\/sgv-oberkirchen.de\/ver_01\/wp-json\/wp\/v2\/pages\/95\/revisions\/408"}],"wp:attachment":[{"href":"https:\/\/sgv-oberkirchen.de\/ver_01\/wp-json\/wp\/v2\/media?parent=95"}],"curies":[{"name":"wp","href":"https:\/\/api.w.org\/{rel}","templated":true}]}}

<div class="wp-block-media-text alignwide is-stacked-on-mobile"><figure class="wp-block-media-text__media"><img loading="lazy" decoding="async" width="1024" height="684" src="https://sgv-oberkirchen.de/ver_01/wp-content/uploads/2021/01/CUA_7788-min-1024x684.jpg" alt="" class="wp-image-239 size-full" srcset="https://sgv-oberkirchen.de/ver_01/wp-content/uploads/2021/01/CUA_7788-min-1024x684.jpg 1024w, https://sgv-oberkirchen.de/ver_01/wp-content/uploads/2021/01/CUA_7788-min-300x200.jpg 300w, https://sgv-oberkirchen.de/ver_01/wp-content/uploads/2021/01/CUA_7788-min-768x513.jpg 768w, https://sgv-oberkirchen.de/ver_01/wp-content/uploads/2021/01/CUA_7788-min-1536x1025.jpg 1536w, https://sgv-oberkirchen.de/ver_01/wp-content/uploads/2021/01/CUA_7788-min-2048x1367.jpg 2048w, https://sgv-oberkirchen.de/ver_01/wp-content/uploads/2021/01/CUA_7788-min-272x182.jpg 272w" sizes="auto, (max-width: 1024px) 100vw, 1024px" /></figure><div class="wp-block-media-text__content">
<p class="has-large-font-size">Andre Mergheim</p>



<p>Andre ist seit 1997 1. Vorsitzender der SGV-Abteilung Oberkirchen. Neben diesem Ehrenamt beschäftigt sich Andre auch beruflich mit der Wanderinfrastruktur und hat so in den letzten 20 Jahren dafür gesorgt, dass die Wanderwege in Südwestfalen gut beschildert sind. Seine besondere Ortskenntnis stellt er immer wieder als Wanderführer bei den Oberkirchener Wanderwochen unter Beweis.</p>



<p>Sein Wunsch für die Zukunft sind viele neue Premium-Wanderwege im Sauerland, wo man auf naturnahen Pfaden immer wieder neue Aus- und Einblicke hat.</p>
</div></div>



<div class="wp-block-media-text alignwide has-media-on-the-right is-stacked-on-mobile is-vertically-aligned-center"><figure class="wp-block-media-text__media"><img loading="lazy" decoding="async" width="1024" height="684" src="https://sgv-oberkirchen.de/ver_01/wp-content/uploads/2021/01/CUA_7784-min-1024x684.jpg" alt="" class="wp-image-236 size-full" srcset="https://sgv-oberkirchen.de/ver_01/wp-content/uploads/2021/01/CUA_7784-min-1024x684.jpg 1024w, https://sgv-oberkirchen.de/ver_01/wp-content/uploads/2021/01/CUA_7784-min-300x200.jpg 300w, https://sgv-oberkirchen.de/ver_01/wp-content/uploads/2021/01/CUA_7784-min-768x513.jpg 768w, https://sgv-oberkirchen.de/ver_01/wp-content/uploads/2021/01/CUA_7784-min-1536x1025.jpg 1536w, https://sgv-oberkirchen.de/ver_01/wp-content/uploads/2021/01/CUA_7784-min-2048x1367.jpg 2048w, https://sgv-oberkirchen.de/ver_01/wp-content/uploads/2021/01/CUA_7784-min-272x182.jpg 272w" sizes="auto, (max-width: 1024px) 100vw, 1024px" /></figure><div class="wp-block-media-text__content">
<p class="has-large-font-size">Claudia Kraiger</p>



<p>Claudia ist seit 2020 2. Vorsitzende der SGV-Abteilung Oberkirchen. Eigentlich lebt Claudia in Aachen, aber Oberkirchen ist schon lange ihre 2. Heimat. Seit ihrer Ausbildung zur Wanderführerin 2017 ist sie Mitglied im SGV und seit 2018 markiert sie mit großer Begeisterung alle Wege in und um Oberkirchen.</p>



<p>Ihr Wunsch ist, dass Ortsfremde die Wanderung ohne Irrwege unbeschwert genießen können….und immer wieder gern nach Oberkirchen kommen.</p>
</div></div>



<div class="wp-block-media-text alignwide is-stacked-on-mobile is-vertically-aligned-center"><figure class="wp-block-media-text__media"><img loading="lazy" decoding="async" width="1024" height="684" src="https://sgv-oberkirchen.de/ver_01/wp-content/uploads/2021/01/CUA_7787-min-1024x684.jpg" alt="" class="wp-image-238 size-full" srcset="https://sgv-oberkirchen.de/ver_01/wp-content/uploads/2021/01/CUA_7787-min-1024x684.jpg 1024w, https://sgv-oberkirchen.de/ver_01/wp-content/uploads/2021/01/CUA_7787-min-300x200.jpg 300w, https://sgv-oberkirchen.de/ver_01/wp-content/uploads/2021/01/CUA_7787-min-768x513.jpg 768w, https://sgv-oberkirchen.de/ver_01/wp-content/uploads/2021/01/CUA_7787-min-1536x1025.jpg 1536w, https://sgv-oberkirchen.de/ver_01/wp-content/uploads/2021/01/CUA_7787-min-2048x1367.jpg 2048w, https://sgv-oberkirchen.de/ver_01/wp-content/uploads/2021/01/CUA_7787-min-272x182.jpg 272w" sizes="auto, (max-width: 1024px) 100vw, 1024px" /></figure><div class="wp-block-media-text__content">
<p class="has-large-font-size">Hubertus Mergheim</p>



<p>Hubertus ist seit 1992 Vorstandsmitglied der SGV-Abteilung Oberkirchen. Hubertus ist der Allrounder des Vereins. Er ist für die schriftlichen Dinge zuständig; die Erstellung einer Datenbank für die Mitglieder, aktuelle Informationen für den SGV-Kasten und Kommunikation mit der Presse und dem Hauptverband.</p>



<p>Aber viel Spaß macht ihm alles was Rund um die Wanderwege gemacht werden muss.</p>
</div></div>



<div class="wp-block-media-text alignwide has-media-on-the-right is-stacked-on-mobile is-vertically-aligned-center"><figure class="wp-block-media-text__media"><img loading="lazy" decoding="async" width="1024" height="684" src="https://sgv-oberkirchen.de/ver_01/wp-content/uploads/2021/01/CUA_7795-min-1024x684.jpg" alt="" class="wp-image-242 size-full" srcset="https://sgv-oberkirchen.de/ver_01/wp-content/uploads/2021/01/CUA_7795-min-1024x684.jpg 1024w, https://sgv-oberkirchen.de/ver_01/wp-content/uploads/2021/01/CUA_7795-min-300x200.jpg 300w, https://sgv-oberkirchen.de/ver_01/wp-content/uploads/2021/01/CUA_7795-min-768x513.jpg 768w, https://sgv-oberkirchen.de/ver_01/wp-content/uploads/2021/01/CUA_7795-min-1536x1025.jpg 1536w, https://sgv-oberkirchen.de/ver_01/wp-content/uploads/2021/01/CUA_7795-min-2048x1367.jpg 2048w, https://sgv-oberkirchen.de/ver_01/wp-content/uploads/2021/01/CUA_7795-min-272x182.jpg 272w" sizes="auto, (max-width: 1024px) 100vw, 1024px" /></figure><div class="wp-block-media-text__content">
<p class="has-large-font-size">Ulrich Schütte</p>



<p>Ulli ist seit 1997 Kassenwart der SGV-Abteilung Oberkirchen. An Ulli geht kein Weg vorbei, wenn es um die Finanzen geht – sei es zur Unterstützung neuer Projekte wie der Streuobstwiese des SGV oder aber beim Anlegen der neuen Fotoroute in Oberkirchen.</p>



<p>Er sorgt dafür, dass am Ende des Jahres die Kasse stimmt.</p>
</div></div>



<div class="wp-block-media-text alignwide is-stacked-on-mobile is-vertically-aligned-center"><figure class="wp-block-media-text__media"><img loading="lazy" decoding="async" width="1024" height="684" src="https://sgv-oberkirchen.de/ver_01/wp-content/uploads/2021/01/CUA_7796-min-1024x684.jpg" alt="" class="wp-image-243 size-full" srcset="https://sgv-oberkirchen.de/ver_01/wp-content/uploads/2021/01/CUA_7796-min-1024x684.jpg 1024w, https://sgv-oberkirchen.de/ver_01/wp-content/uploads/2021/01/CUA_7796-min-300x200.jpg 300w, https://sgv-oberkirchen.de/ver_01/wp-content/uploads/2021/01/CUA_7796-min-768x513.jpg 768w, https://sgv-oberkirchen.de/ver_01/wp-content/uploads/2021/01/CUA_7796-min-1536x1025.jpg 1536w, https://sgv-oberkirchen.de/ver_01/wp-content/uploads/2021/01/CUA_7796-min-2048x1367.jpg 2048w, https://sgv-oberkirchen.de/ver_01/wp-content/uploads/2021/01/CUA_7796-min-272x182.jpg 272w" sizes="auto, (max-width: 1024px) 100vw, 1024px" /></figure><div class="wp-block-media-text__content">
<p class="has-large-font-size">Harald Clemens</p>



<p>Harald ist seit 1997 Vorstandsmitglied der SGV-Abteilung Oberkirchen. Lange Jahre hat Harald für die ausgezeichnete Beschilderung der Oberkirchener Wanderwege gesorgt, doch dann hat er die Betreuung der Vogelkästen übernommen.</p>



<p>Er achtet darauf, dass in den 160 Vogelkästen rund um Oberkirchen die Vögel einen ruhigen und ungestörten Platz für ihre Brutpflege haben – und dass dieser Platz nicht von anderen Tieren „missbraucht“ wird.</p>
</div></div>



<div class="wp-block-media-text alignwide has-media-on-the-right is-stacked-on-mobile is-vertically-aligned-center"><figure class="wp-block-media-text__media"><img loading="lazy" decoding="async" width="1024" height="684" src="https://sgv-oberkirchen.de/ver_01/wp-content/uploads/2021/01/CUA_7791-min-1024x684.jpg" alt="" class="wp-image-241 size-full" srcset="https://sgv-oberkirchen.de/ver_01/wp-content/uploads/2021/01/CUA_7791-min-1024x684.jpg 1024w, https://sgv-oberkirchen.de/ver_01/wp-content/uploads/2021/01/CUA_7791-min-300x200.jpg 300w, https://sgv-oberkirchen.de/ver_01/wp-content/uploads/2021/01/CUA_7791-min-768x513.jpg 768w, https://sgv-oberkirchen.de/ver_01/wp-content/uploads/2021/01/CUA_7791-min-1536x1025.jpg 1536w, https://sgv-oberkirchen.de/ver_01/wp-content/uploads/2021/01/CUA_7791-min-2048x1367.jpg 2048w, https://sgv-oberkirchen.de/ver_01/wp-content/uploads/2021/01/CUA_7791-min-272x182.jpg 272w" sizes="auto, (max-width: 1024px) 100vw, 1024px" /></figure><div class="wp-block-media-text__content">
<p class="has-large-font-size">Willi Schütte</p>



<p>Willi ist seit 1997 Vorstandsmitglied der SGV-Abteilung Oberkirchen. Erst war er Wanderwart – mittlerweile ist er die helfende und unterstützende Hand bei Problemen und Aufgaben aller Art.</p>
</div></div>

<p>Andre Mergheim Andre ist seit 1997 1. Vorsitzender der SGV-Abteilung Oberkirchen. Neben diesem Ehrenamt beschäftigt sich Andre auch beruflich mit der Wanderinfrastruktur und hat so in den letzten 20 Jahren dafür gesorgt, dass die Wanderwege in Südwestfalen gut beschildert sind. Seine besondere Ortskenntnis stellt er immer wieder als Wanderführer bei den Oberkirchener Wanderwochen unter Beweis. [&hellip;]</p>
