{"id":25,"date":"2020-12-07T15:33:11","date_gmt":"2020-12-07T14:33:11","guid":{"rendered":"https:\/\/sgv-oberkirchen.de\/ver_01\/?page_id=25"},"modified":"2021-04-20T21:50:30","modified_gmt":"2021-04-20T19:50:30","slug":"naturschutz","status":"publish","type":"page","link":"https:\/\/sgv-oberkirchen.de\/ver_01\/naturschutz\/","title":{"rendered":"Naturschutz"},"content":{"rendered":"\n<h1 class=\"wp-block-heading\">\u00dcberzeugungst\u00e4ter<\/h1>\n\n\n\n<blockquote class=\"wp-block-quote is-layout-flow wp-block-quote-is-layout-flow\"><p>Wir bewegen uns in der Natur und das bewusst. Sie ist Lebensraum f\u00fcr Tiere und Pflanzen, ihre biologische Vielfalt ist einzigartig. Wir \u00fcbernehmen Verantwortung und engagieren uns seit 1987 mit unserem SGV-Naturschutzzentrum f\u00fcr praxisnahe Umwelterziehung. Effektive Schutzma\u00dfnahmen und ein verantwortungsvoller Umgang mit der Natur setzen Kenntnisse \u00fcber \u00f6kologische Hintergr\u00fcnde und Zusammenh\u00e4nge voraus. In unserem SGV-Naturschutzzentrum k\u00f6nnen Sie all das erlernen und erleben.<\/p><cite>Auszug aus der <a href=\"https:\/\/sgv.de\/naturschutz.html\" target=\"_blank\" rel=\"noreferrer noopener\">offiziellen Seite des SGV<\/a><\/cite><\/blockquote>\n\n\n\n<h3 class=\"wp-block-heading\">SGV-Naturschutzzentrum<\/h3>\n\n\n\n<p>Das seit Januar 1987 bestehende SGV-Naturschutzzentrum vertritt allgemeine Naturschutzinteressen, koordiniert die Naturschutzarbeit im SGV und betreut SGV-eigene Fl\u00e4chen, die vielfach unter Schutz stehen.<\/p>\n\n\n\n<p>Die zunehmende Gef\u00e4hrdung unserer nat\u00fcrlichen Umwelt ist ein zentrales Problem unserer Zeit. Immer mehr Menschen setzen sich daher in Beruf und Freizeit f\u00fcr den Schutz bedrohter Tiere und Pflanzen ein.<\/p>\n\n\n\n<p>Effektive Schutzma\u00dfnahmen und ein verantwortungsvoller Umgang mit der Natur setzen jedoch Kenntnisse \u00fcber \u00f6kologische Hintergr\u00fcnde und Zusammenh\u00e4nge, \u00fcber Gef\u00e4hrdung und m\u00f6gliche Hilfsaktionen voraus.&nbsp;<\/p>\n\n\n\n<h3 class=\"wp-block-heading\">Ziele und Veranstaltungen<\/h3>\n\n\n\n<ul class=\"wp-block-list\"><li>Biologische Bacherkundungen f\u00fcr Schulklassen &#8211; Lebensraum Flie\u00dfgew\u00e4sser<\/li><li>Durchf\u00fchrung von Tagungen der NaturschutzwartInnen im SGV<\/li><li>Unterst\u00fctzung der praktischen Naturschutzarbeit vor Ort (z.B. Amphibienaktionen, Nistk\u00e4sten, Geh\u00f6lzschnitt, Obstwiesenpflege, Heidefl\u00e4chenpflege)<\/li><li>\u00d6ffentlichkeitsarbeit<\/li><li>Gremienarbeit<\/li><\/ul>\n","protected":false},"excerpt":{"rendered":"<p>\u00dcberzeugungst\u00e4ter Wir bewegen uns in der Natur und das bewusst. Sie ist Lebensraum f\u00fcr Tiere und Pflanzen, ihre biologische Vielfalt ist einzigartig. Wir \u00fcbernehmen Verantwortung und engagieren uns seit 1987 mit unserem SGV-Naturschutzzentrum f\u00fcr praxisnahe Umwelterziehung. Effektive Schutzma\u00dfnahmen und ein verantwortungsvoller Umgang mit der Natur setzen Kenntnisse \u00fcber \u00f6kologische Hintergr\u00fcnde und Zusammenh\u00e4nge voraus. In unserem [&hellip;]<\/p>\n","protected":false},"author":1,"featured_media":0,"parent":0,"menu_order":0,"comment_status":"closed","ping_status":"closed","template":"","meta":{"footnotes":""},"class_list":["post-25","page","type-page","status-publish","hentry","post"],"_links":{"self":[{"href":"https:\/\/sgv-oberkirchen.de\/ver_01\/wp-json\/wp\/v2\/pages\/25","targetHints":{"allow":["GET"]}}],"collection":[{"href":"https:\/\/sgv-oberkirchen.de\/ver_01\/wp-json\/wp\/v2\/pages"}],"about":[{"href":"https:\/\/sgv-oberkirchen.de\/ver_01\/wp-json\/wp\/v2\/types\/page"}],"author":[{"embeddable":true,"href":"https:\/\/sgv-oberkirchen.de\/ver_01\/wp-json\/wp\/v2\/users\/1"}],"replies":[{"embeddable":true,"href":"https:\/\/sgv-oberkirchen.de\/ver_01\/wp-json\/wp\/v2\/comments?post=25"}],"version-history":[{"count":7,"href":"https:\/\/sgv-oberkirchen.de\/ver_01\/wp-json\/wp\/v2\/pages\/25\/revisions"}],"predecessor-version":[{"id":347,"href":"https:\/\/sgv-oberkirchen.de\/ver_01\/wp-json\/wp\/v2\/pages\/25\/revisions\/347"}],"wp:attachment":[{"href":"https:\/\/sgv-oberkirchen.de\/ver_01\/wp-json\/wp\/v2\/media?parent=25"}],"curies":[{"name":"wp","href":"https:\/\/api.w.org\/{rel}","templated":true}]}}

<h1 class="wp-block-heading">Überzeugungstäter</h1>



<blockquote class="wp-block-quote is-layout-flow wp-block-quote-is-layout-flow"><p>Wir bewegen uns in der Natur und das bewusst. Sie ist Lebensraum für Tiere und Pflanzen, ihre biologische Vielfalt ist einzigartig. Wir übernehmen Verantwortung und engagieren uns seit 1987 mit unserem SGV-Naturschutzzentrum für praxisnahe Umwelterziehung. Effektive Schutzmaßnahmen und ein verantwortungsvoller Umgang mit der Natur setzen Kenntnisse über ökologische Hintergründe und Zusammenhänge voraus. In unserem SGV-Naturschutzzentrum können Sie all das erlernen und erleben.</p><cite>Auszug aus der <a href="https://sgv.de/naturschutz.html" target="_blank" rel="noreferrer noopener">offiziellen Seite des SGV</a></cite></blockquote>



<h3 class="wp-block-heading">SGV-Naturschutzzentrum</h3>



<p>Das seit Januar 1987 bestehende SGV-Naturschutzzentrum vertritt allgemeine Naturschutzinteressen, koordiniert die Naturschutzarbeit im SGV und betreut SGV-eigene Flächen, die vielfach unter Schutz stehen.</p>



<p>Die zunehmende Gefährdung unserer natürlichen Umwelt ist ein zentrales Problem unserer Zeit. Immer mehr Menschen setzen sich daher in Beruf und Freizeit für den Schutz bedrohter Tiere und Pflanzen ein.</p>



<p>Effektive Schutzmaßnahmen und ein verantwortungsvoller Umgang mit der Natur setzen jedoch Kenntnisse über ökologische Hintergründe und Zusammenhänge, über Gefährdung und mögliche Hilfsaktionen voraus.&nbsp;</p>



<h3 class="wp-block-heading">Ziele und Veranstaltungen</h3>



<ul class="wp-block-list"><li>Biologische Bacherkundungen für Schulklassen &#8211; Lebensraum Fließgewässer</li><li>Durchführung von Tagungen der NaturschutzwartInnen im SGV</li><li>Unterstützung der praktischen Naturschutzarbeit vor Ort (z.B. Amphibienaktionen, Nistkästen, Gehölzschnitt, Obstwiesenpflege, Heideflächenpflege)</li><li>Öffentlichkeitsarbeit</li><li>Gremienarbeit</li></ul>

<p>Überzeugungstäter Wir bewegen uns in der Natur und das bewusst. Sie ist Lebensraum für Tiere und Pflanzen, ihre biologische Vielfalt ist einzigartig. Wir übernehmen Verantwortung und engagieren uns seit 1987 mit unserem SGV-Naturschutzzentrum für praxisnahe Umwelterziehung. Effektive Schutzmaßnahmen und ein verantwortungsvoller Umgang mit der Natur setzen Kenntnisse über ökologische Hintergründe und Zusammenhänge voraus. In unserem [&hellip;]</p>
