{"id":194,"date":"2021-01-15T16:05:19","date_gmt":"2021-01-15T15:05:19","guid":{"rendered":"https:\/\/sgv-oberkirchen.de\/ver_01\/?page_id=194"},"modified":"2021-06-21T21:24:37","modified_gmt":"2021-06-21T19:24:37","slug":"unsere-geschichte","status":"publish","type":"page","link":"https:\/\/sgv-oberkirchen.de\/ver_01\/unsere-geschichte\/","title":{"rendered":"Unsere Geschichte"},"content":{"rendered":"\n<p class=\"has-medium-font-size\">Die Geschichte des SGV Oberkirchen<\/p>\n\n\n\n<div class=\"wp-block-image\"><figure class=\"alignright size-medium is-resized\"><img loading=\"lazy\" decoding=\"async\" src=\"https:\/\/sgv-oberkirchen.de\/ver_01\/wp-content\/uploads\/2021\/06\/eichendorf_plakette-225x300.jpg\" alt=\"Eichendorff Plakette 100 Jahre SGV\" class=\"wp-image-392\" width=\"260\" height=\"347\"\/><\/figure><\/div>\n\n\n\n<p>Als im Jahre 1890 Forstrat Ehmsen aus Arnsberg zur Gr\u00fcndung eine &#8222;Sauerl\u00e4nder Touristenclubs&#8220; aufrief, wurde diese Anregung auch in Oberkirchen aufgegriffen.<\/p>\n\n\n\n<p>Schon vor der offiziellen Gr\u00fcndungsversammlung als &#8222;Sauerl\u00e4nder Gebirgsverein&#8220;, kurz SGV genannt, am 25.01.1891, bildete sich die Sektion Oberkirchen. Mit Gr\u00fcndungsvater Otto Sch\u00fctte an der Spitze wurde der SGV die treibende Kraft der touristischen Erschlie\u00dfung des Sauerlandes.<\/p>\n\n\n\n<p>Ziel war es, die Menschen aus den Ballungsgebieten der Stadt herauszuholen, und das Sauerland f\u00fcr sie interessant zu machen. Nicht von ungef\u00e4hr fallen Gr\u00fcndungsjahr des SGV Oberkirchen und die Errichtung des Wilzenbergturmes in das Jahr 1890 &#8211; sie stammen im wahrsten Sinne des Wortes aus dem gleichen &#8222;Stall&#8220;.<\/p>\n\n\n\n<p>Bereits damals hatten es sich die &#8222;Versch\u00f6nerungsvereine&#8220; &#8211; die Vorl\u00e4ufer der heutigen SGV Abteilungen &#8211; zur Aufgabe gemacht, die Sch\u00f6nheit der Landschaft zu sch\u00fctzen. Ferner sollte dieses Gebiet durch Anlage von Wanderwegen erschlossen werden. Diese Idee war f\u00fcr das Land der 1000 Berge bahnbrechend, denn was w\u00e4re die Touristikregion Sauerland ohne die zahlreichen Leistungen und Angebote des SGV, der auch eine intensive Kulturarbeit betreibt.<\/p>\n\n\n\n<p>Das gilt besonders f\u00fcr die SGV Abteilung Oberkirchen, die wesentlich dazu beigetragen hat, das ungez\u00e4hlten Wanderfreunden der Aufenthalt im historischen Gerichtsbezirk Oberkirchen &#8211; vom Kahlen Asten bis Fleckenberg, vom Rothaarkamm bis zur Hunau &#8211; zu einem unvergesslichen Erlebnis geworden ist.<\/p>\n\n\n\n<hr class=\"wp-block-separator\"\/>\n\n\n\n<hr class=\"wp-block-separator\"\/>\n\n\n\n<p><strong>Downloads<\/strong><\/p>\n\n\n\n<div class=\"wp-block-file\"><a href=\"https:\/\/sgv-oberkirchen.de\/ver_01\/wp-content\/uploads\/2021\/06\/SGV_Festzeitschrift_100_Jahre.pdf\">&#8222;100 Jahre SGV&#8220; &#8211; Festzeitschrift<\/a><a href=\"https:\/\/sgv-oberkirchen.de\/ver_01\/wp-content\/uploads\/2021\/04\/SGV_Festzeitschrift_100_Jahre.pdf\" class=\"wp-block-file__button\" download>Herunterladen<\/a><\/div>\n\n\n\n<p><\/p>\n","protected":false},"excerpt":{"rendered":"<p>Die Geschichte des SGV Oberkirchen Als im Jahre 1890 Forstrat Ehmsen aus Arnsberg zur Gr\u00fcndung eine &#8222;Sauerl\u00e4nder Touristenclubs&#8220; aufrief, wurde diese Anregung auch in Oberkirchen aufgegriffen. Schon vor der offiziellen Gr\u00fcndungsversammlung als &#8222;Sauerl\u00e4nder Gebirgsverein&#8220;, kurz SGV genannt, am 25.01.1891, bildete sich die Sektion Oberkirchen. Mit Gr\u00fcndungsvater Otto Sch\u00fctte an der Spitze wurde der SGV die [&hellip;]<\/p>\n","protected":false},"author":1,"featured_media":0,"parent":0,"menu_order":0,"comment_status":"closed","ping_status":"closed","template":"","meta":{"footnotes":""},"class_list":["post-194","page","type-page","status-publish","hentry","post"],"_links":{"self":[{"href":"https:\/\/sgv-oberkirchen.de\/ver_01\/wp-json\/wp\/v2\/pages\/194","targetHints":{"allow":["GET"]}}],"collection":[{"href":"https:\/\/sgv-oberkirchen.de\/ver_01\/wp-json\/wp\/v2\/pages"}],"about":[{"href":"https:\/\/sgv-oberkirchen.de\/ver_01\/wp-json\/wp\/v2\/types\/page"}],"author":[{"embeddable":true,"href":"https:\/\/sgv-oberkirchen.de\/ver_01\/wp-json\/wp\/v2\/users\/1"}],"replies":[{"embeddable":true,"href":"https:\/\/sgv-oberkirchen.de\/ver_01\/wp-json\/wp\/v2\/comments?post=194"}],"version-history":[{"count":20,"href":"https:\/\/sgv-oberkirchen.de\/ver_01\/wp-json\/wp\/v2\/pages\/194\/revisions"}],"predecessor-version":[{"id":409,"href":"https:\/\/sgv-oberkirchen.de\/ver_01\/wp-json\/wp\/v2\/pages\/194\/revisions\/409"}],"wp:attachment":[{"href":"https:\/\/sgv-oberkirchen.de\/ver_01\/wp-json\/wp\/v2\/media?parent=194"}],"curies":[{"name":"wp","href":"https:\/\/api.w.org\/{rel}","templated":true}]}}

<p class="has-medium-font-size">Die Geschichte des SGV Oberkirchen</p>



<div class="wp-block-image"><figure class="alignright size-medium is-resized"><img loading="lazy" decoding="async" src="https://sgv-oberkirchen.de/ver_01/wp-content/uploads/2021/06/eichendorf_plakette-225x300.jpg" alt="Eichendorff Plakette 100 Jahre SGV" class="wp-image-392" width="260" height="347"/></figure></div>



<p>Als im Jahre 1890 Forstrat Ehmsen aus Arnsberg zur Gründung eine &#8222;Sauerländer Touristenclubs&#8220; aufrief, wurde diese Anregung auch in Oberkirchen aufgegriffen.</p>



<p>Schon vor der offiziellen Gründungsversammlung als &#8222;Sauerländer Gebirgsverein&#8220;, kurz SGV genannt, am 25.01.1891, bildete sich die Sektion Oberkirchen. Mit Gründungsvater Otto Schütte an der Spitze wurde der SGV die treibende Kraft der touristischen Erschließung des Sauerlandes.</p>



<p>Ziel war es, die Menschen aus den Ballungsgebieten der Stadt herauszuholen, und das Sauerland für sie interessant zu machen. Nicht von ungefähr fallen Gründungsjahr des SGV Oberkirchen und die Errichtung des Wilzenbergturmes in das Jahr 1890 &#8211; sie stammen im wahrsten Sinne des Wortes aus dem gleichen &#8222;Stall&#8220;.</p>



<p>Bereits damals hatten es sich die &#8222;Verschönerungsvereine&#8220; &#8211; die Vorläufer der heutigen SGV Abteilungen &#8211; zur Aufgabe gemacht, die Schönheit der Landschaft zu schützen. Ferner sollte dieses Gebiet durch Anlage von Wanderwegen erschlossen werden. Diese Idee war für das Land der 1000 Berge bahnbrechend, denn was wäre die Touristikregion Sauerland ohne die zahlreichen Leistungen und Angebote des SGV, der auch eine intensive Kulturarbeit betreibt.</p>



<p>Das gilt besonders für die SGV Abteilung Oberkirchen, die wesentlich dazu beigetragen hat, das ungezählten Wanderfreunden der Aufenthalt im historischen Gerichtsbezirk Oberkirchen &#8211; vom Kahlen Asten bis Fleckenberg, vom Rothaarkamm bis zur Hunau &#8211; zu einem unvergesslichen Erlebnis geworden ist.</p>



<hr class="wp-block-separator"/>



<hr class="wp-block-separator"/>



<p><strong>Downloads</strong></p>



<div class="wp-block-file"><a href="https://sgv-oberkirchen.de/ver_01/wp-content/uploads/2021/06/SGV_Festzeitschrift_100_Jahre.pdf">&#8222;100 Jahre SGV&#8220; &#8211; Festzeitschrift</a><a href="https://sgv-oberkirchen.de/ver_01/wp-content/uploads/2021/04/SGV_Festzeitschrift_100_Jahre.pdf" class="wp-block-file__button" download>Herunterladen</a></div>



<p></p>

<p>Die Geschichte des SGV Oberkirchen Als im Jahre 1890 Forstrat Ehmsen aus Arnsberg zur Gründung eine &#8222;Sauerländer Touristenclubs&#8220; aufrief, wurde diese Anregung auch in Oberkirchen aufgegriffen. Schon vor der offiziellen Gründungsversammlung als &#8222;Sauerländer Gebirgsverein&#8220;, kurz SGV genannt, am 25.01.1891, bildete sich die Sektion Oberkirchen. Mit Gründungsvater Otto Schütte an der Spitze wurde der SGV die [&hellip;]</p>
